) is divided by h.
18
Let g(q) be the second derivative of -3*q**3/2 + 5*q. Calculate the remainder when 15 is divided by g(-1).
6
Let g = -98 - -109. Let f = 1 + 3. Calculate the remainder when g is divided by f.
3
Suppose -4*y = -2*y + 6. Let l be (-1 - 97)*(y - -1). Let v = l + -137. Calculate the remainder when v is divided by 20.
19
Let n(y) = 12*y**2 + 1. Calculate the remainder when n(1) is divided by 5.
3
Suppose 17 = 2*j - 81. Calculate the remainder when j is divided by 25.
24
Let l be (-4 + 2)/((-3)/21). Calculate the remainder when -15*3/((-18)/4) is divided by (6/7)/(3/l).
2
Suppose 0 = 5*b - 3*b + 96. Calculate the remainder when (-3)/6*b/2 is divided by 5.
2
What is the remainder when 13 is divided by ((-1)/3)/(4/(-48))?
1
Suppose 5*f - 4 = 2*j + 1, -5*j + 19 = -2*f. Suppose 5*u = 4*m + 154, -f*u - m + 96 = -10. Let r = u + -19. What is the remainder when 28 is divided by r?
13
Let t = 28 - 24. Suppose -135 - 333 = -t*j. Calculate the remainder when j is divided by 30.
27
Let z = 16 - 7. Let a be 5 - 4/(12/z). Suppose 4*w - x - 9 = 3*w, -14 = -w + a*x. What is the remainder when 7 is divided by w?
3
Calculate the remainder when (-1)/(-3)*1*309 is divided by 17/(-17)*26/(-1).
25
Suppose 7*x - 4*x - 201 = 0. Suppose -q = -2*o - 31, -3*q + o = -x - 6. Suppose 3*k = 8*k - 335. Calculate the remainder when k is divided by q.
21
Let y be 6/27 + (-291)/(-27). Suppose 5*a - y = 3*c - 44, 0 = -2*a. What is the remainder when c is divided by 4?
3
What is the remainder when 96/9*(-255)/(-20) is divided by 20?
16
Let j(b) = 2*b**2 + 6*b - 5. Let p be -2 + -1*(-2)/(-2). Calculate the remainder when j(-6) is divided by 1 - p/(6/20).
9
Let q = -119 + 132. What is the remainder when 27 is divided by q?
1
Let v(q) = -28*q - 73. What is the remainder when v(-8) is divided by 19?
18
Let d(t) = t**2 + t + 10. Suppose -52 = -4*z + u + 61, -3*z + 2*u = -86. What is the remainder when z is divided by d(0)?
8
Let g = -81 - -96. What is the remainder when 147 is divided by g?
12
Suppose 3*o - 3*p = 15, 2*p - 2 = -3*o + 3. Let u = o + 1. Suppose -l = -u*l + 51. What is the remainder when l is divided by 5?
2
Suppose 74 = -4*a + 8*a + 3*s, -83 = -5*a + s. Let v = 9 + 7. Let c = v + -10. Calculate the remainder when a is divided by c.
5
Calculate the remainder when 305 is divided by 4 - 40/(8/(-2)).
11
Let b = 58 - 38. What is the remainder when b is divided by 6?
2
Let h(j) = j**3 + 2. Let i be h(0). Suppose 4*q - i*q = 22. What is the remainder when 31 is divided by q?
9
Let i(j) = j**3 + j**2 - j - 53. Let s be i(0). Let z = s - -74. Calculate the remainder when z is divided by 11.
10
Let x = 41 - 14. Suppose 3*p - x - 37 = -4*d, -5*d = -4*p - 111. What is the remainder when d is divided by 5?
4
Let i(g) = -g**2 - 2*g + 2. Let m be i(-4). Let h = m + 9. Suppose -h*z = -9 - 6. Calculate the remainder when 8 is divided by z.
3
Let x = 1 + -1. Suppose x = 3*u - u. Suppose 0 = -u*r + r - 25. What is the remainder when r is divided by 9?
7
Let a = 8 + 101. Calculate the remainder when a is divided by 28.
25
Let s = 23 - 15. Calculate the remainder when 37 is divided by s.
5
Let k be (8/(-5))/(2/(-20)). Let v(t) = t + 4. Let r be v(-5). Let u = k + r. Calculate the remainder when 43 is divided by u.
13
Suppose -3 + 19 = 4*a + 2*x, 5*a + 3*x - 22 = 0. Suppose 0*m + 42 = 2*m + 2*n, -5*m + a*n + 77 = 0. What is the remainder when 33 is divided by m?
16
Let b be (-1 + 3)*(-2)/(-2). Suppose 28 = 5*r - b. Suppose 0 = s - 10 - 1. Calculate the remainder when s is divided by r.
5
Suppose -w - 4*b + 18 = 0, -6*w + b + 4 = -2*w. Suppose -5*a = f - 15, -29 = -2*a - 5*f - 0. What is the remainder when w is divided by a?
0
Suppose k + 4*v = 15, -5*v + 11 = 4*k - 27. Suppose -4*x = -k*x + 12. Calculate the remainder when 6 is divided by x.
2
Suppose 3*k + 0*k = q - 14, -2*k - 4 = 0. Let g be (-3)/((-12)/10)*-2. Let d = g - -10. Calculate the remainder when q is divided by d.
3
Let t(x) = -x**2 - 18*x + 16. Let j = 62 - 32. Calculate the remainder when j is divided by t(-18).
14
Suppose 0 = -2*q + 3*v + 3, 2*q + 3*v + 2 = -1. Suppose q = -9*w + 10*w - 5. What is the remainder when w is divided by 3?
2
Let b be (-6)/(-1) + -1 + -1. Suppose -4*h + 57 = 3*x, h + 3*x = -b + 16. Calculate the remainder when 43 is divided by h.
13
Suppose -s = 3*s - 44. What is the remainder when 41 is divided by s?
8
Let k(c) = 23*c**2. Let f(z) = z + 25. Calculate the remainder when k(-1) is divided by f(-12).
10
Let t(g) = g**3 - g**2 + g + 4. Let m(l) = 11*l**2 - 8*l + 8. What is the remainder when m(1) is divided by t(0)?
3
Suppose -4*l + 2*m - 4*m + 298 = 0, 4*m = l - 52. Let f = 101 - l. Suppose -2*n + 35 = 3*z, 3*z = 2*n + 16 + 39. Calculate the remainder when f is divided by z.
14
Let b(w) = -3*w**2 + 7*w - 6. Let d(r) = 16*r**2 - 36*r + 31. Let t(g) = -11*b(g) - 2*d(g). What is the remainder when t(5) is divided by 2?
0
Let i = 4 + -2. Let u be -1 + -4*(-3)/i. Suppose -2*c = 5*f - 93, 3*f = u*c - 27 + 89. Calculate the remainder when f is divided by 7.
5
Let o = 37 + -29. What is the remainder when 20 is divided by o?
4
Let q = 80 - 61. What is the remainder when q is divided by 4?
3
Suppose 4*d - 39 = 29. Calculate the remainder when (7 - (-3 + 7))/((-12)/(-200)) is divided by d.
16
Let p be ((-3)/9)/((-1)/3). Let l(q) = q**3 + 5*q**2 - 7*q + 8. Calculate the remainder when l(-6) is divided by (-1)/((-12)/(-15) - p).
4
Suppose -3*h - 52 = -7*h. Let f(k) = -k**3 + 28 + 0*k**2 - k**2 - 5. What is the remainder when f(0) is divided by h?
10
Calculate the remainder when 15/1*1/1 is divided by (-140)/(-16) + -2 + 12/(-16).
3
Suppose -5*p = -6*p + 24. What is the remainder when 43 is divided by p?
19
Suppose 2*w + 70 = 4*w. What is the remainder when 136 is divided by w?
31
Let n be (-558)/10 + 2/(-10). Let w = n - -94. Calculate the remainder when w is divided by -39*(10/6 + -2).
12
Suppose 0 = 3*y - 5*i - 74, 4*y - 2*i = -6*i + 56. Let v = -5 + -2. Calculate the remainder when (-5)/(1/v - 0) is divided by y.
17
Let o be (((-15)/3)/(-1))/1. Calculate the remainder when 2/o + (-406)/(-35) is divided by 7.
5
Let z(i) = -i**3 + 6*i**2 + i - 4. Let t be z(6). Suppose -t*m = 3*m. Suppose 70 = -m*u + 5*u. Calculate the remainder when 26 is divided by u.
12
Let d = -23 - -26. Let g = d - -16. Calculate the remainder when 35 is divided by g.
16
Let x = 56 - 29. What is the remainder when 52 is divided by x?
25
Let j = -27 + 53. What is the remainder when 77 is divided by j?
25
Let d(r) = 7*r**2 + 2*r - 1. Let a = -53 + 84. Suppose 3*p - a = 5*s, s - 14 = 4*p - 61. Calculate the remainder when d(-2) is divided by p.
11
Let l = 12 - 8. Suppose 0 = -2*q - f + 13, l*f + 2 = -2. Calculate the remainder when 11 is divided by q.
4
Suppose f = 7*f + 12. Calculate the remainder when (0 - -1)/(2/12) is divided by (-2)/(2 + 5/f).
2
Let d(v) = 1. Let y(o) = -o - 2. Let t be (5/(-3)*-3)/(-1). Let q(b) = t*d(b) - 3*y(b). Calculate the remainder when q(2) is divided by 3.
1
Suppose -20 = -2*d - 4*s, -6*d - 15 = -5*d - 3*s. Let m(j) = 7 + d*j**2 - j + 14*j - 17 - j**2. Calculate the remainder when m(11) is divided by 7.
5
Let c(m) = -m**3 - 11*m**2 + 12*m + 8. Calculate the remainder when 15 is divided by c(-12).
7
What is the remainder when ((-201)/9)/(1/(-3)) is divided by (3/6)/((-2)/(-68))?
16
What is the remainder when 45 is divided by 82/7 + ((-72)/(-42))/6?
9
Let u = 12 + -8. What is the remainder when 10 is divided by u?
2
Suppose -d = 4*d - 185. Calculate the remainder when 145 is divided by d.
34
Let o = 3 + 15. Let s = -50 - -186. Suppose g = -w - g + 34, g + s = 4*w. Calculate the remainder when w is divided by o.
16
Suppose 5*y = 2*b + 54, 0 = y + 10*b - 6*b - 2. Calculate the remainder when 37 is divided by y.
7
Let t = 0 - -2. Let q be (t - 4)/((-2)/28). Let r = -16 + q. Calculate the remainder when 23 is divided by r.
11
Suppose -13 = -y - 0*y + m, 0 = y - 5*m - 25. Let f = 2 + -2. Suppose i + f*i - y = 0. What is the remainder when 19 is divided by i?
9
Suppose -3*k = -7*k + 88. Suppose -18 = -5*n + k. What is the remainder when 21 is divided by n?
5
Let p(o) = -o**3 - 3*o**2 + 3*o. Let g = -3 + 10. Calculate the remainder when g is divided by p(-4).
3
Suppose g - 5*w = 4*g - 8, g = 5*w - 4. 